factors of 1233?
3, 137
List the prime factors of 3123.
3, 347
What are the prime factors of 3383?
17, 199
What are the prime factors of 3?
3
List the prime factors of 3301.
3301
What are the prime factors of 45338?
2, 22669
List the prime factors of 16691.
16691
What are the prime factors of 2137?
2137
What are the prime factors of 835?
5, 167
What are the prime factors of 479?
479
List the prime factors of 49602.
2, 3, 7, 1181
List the prime factors of 8633.
89, 97
List the prime factors of 36955.
5, 19, 389
What are the prime factors of 796?
2, 199
What are the prime factors of 1870?
2, 5, 11, 17
What are the prime factors of 2660?
2, 5, 7, 19
What are the prime factors of 26843?
17, 1579
List the prime factors of 480.
2, 3, 5
List the prime factors of 350.
2, 5, 7
What are the prime factors of 29802?
2, 3, 4967
List the prime factors of 413.
7, 59
What are the prime factors of 8707?
8707
List the prime factors of 4383.
3, 487
What are the prime factors of 28410?
2, 3, 5, 947
List the prime factors of 676.
2, 13
List the prime factors of 799.
17, 47
What are the prime factors of 690?
2, 3, 5, 23
List the prime factors of 20841.
3, 6947
What are the prime factors of 1576?
2, 197
List the prime factors of 11330.
2, 5, 11, 103
What are the prime factors of 175201?
13, 13477
List the prime factors of 2543.
2543
What are the prime factors of 10735?
5, 19, 113
List the prime factors of 2714.
2, 23, 59
What are the prime factors of 5148?
2, 3, 11, 13
List the prime factors of 283.
283
What are the prime factors of 21477?
3, 7159
What are the prime factors of 4720?
2, 5, 59
What are the prime factors of 23876?
2, 47, 127
What are the prime factors of 68128?
2, 2129
What are the prime factors of 20558?
2, 19, 541
List the prime factors of 2517.
3, 839
List the prime factors of 758.
2, 379
What are the prime factors of 2897?
2897
What are the prime factors of 2832?
2, 3, 59
What are the prime factors of 5878?
2, 2939
List the prime factors of 23697.
3, 2633
List the prime factors of 24913.
7, 3559
List the prime factors of 5813.
5813
List the prime factors of 4697.
7, 11, 61
List the prime factors of 46803.
3, 15601
What are the prime factors of 25713?
3, 2857
What are the prime factors of 1688?
2, 211
What are the prime factors of 68?
2, 17
What are the prime factors of 2657?
2657
What are the prime factors of 570?
2, 3, 5, 19
List the prime factors of 64004.
2, 16001
What are the prime factors of 30641?
13, 2357
What are the prime factors of 677?
677
List the prime factors of 54878.
2, 23, 1193
What are the prime factors of 20377?
7, 41, 71
List the prime factors of 1890.
2, 3, 5, 7
List the prime factors of 11976.
2, 3, 499
List the prime factors of 1023.
3, 11, 31
List the prime factors of 14056.
2, 7, 251
List the prime factors of 6845.
5, 37
List the prime factors of 16767.
3, 23
What are the prime factors of 1434?
2, 3, 239
List the prime factors of 36751.
11, 13, 257
List the prime factors of 1215.
3, 5
List the prime factors of 45581.
19, 2399
What are the prime factors of 9149?
7, 1307
What are the prime factors of 5966?
2, 19, 157
List the prime factors of 378.
2, 3, 7
List the prime factors of 39033.
3, 4337
List the prime factors of 8685.
3, 5, 193
List the prime factors of 90206.
2, 23, 37, 53
List the prime factors of 79901.
79901
What are the prime factors of 3016?
2, 13, 29
What are the prime factors of 5507?
5507
What are the prime factors of 2719?
2719
List the prime factors of 1990.
2, 5, 199
What are the prime factors of 122639?
11, 11149
List the prime factors of 7671.
3, 2557
What are the prime factors of 5215?
5, 7, 149
List the prime factors of 5041.
71
List the prime factors of 9974.
2, 4987
What are the prime factors of 1288?
2, 7, 23
List the prime factors of 59624.
2, 29, 257
What are the prime factors of 2881?
43, 67
What are the prime factors of 4380?
2, 3, 5, 73
List the prime factors of 17089.
23, 743
List the prime factors of 28298.
2, 14149
What are the prime factors of 2276?
2, 569
What are the prime factors of 4715?
5, 23, 41
List the prime factors of 1700.
2, 5, 17
What are the prime factors of 3121?
3121
What are the prime factors of 845?
5, 13
What are the prime factors of 3146?
2, 11, 13
What are the prime factors of 115440?
2, 3, 5, 13, 37
List the prime factors of 4198.
2, 2099
What are the prime factors of 7467?
3, 19, 131
What are the prime factors of 3491?
3491
List the prime factors of 6605.
5, 1321
List the prime factors of 22944.
2, 3, 239
List the prime factors of 1223.
1223
What are the prime factors of 16905?
3, 5, 7, 23
What are the prime factors of 1273?
19, 67
List the prime factors of 33186.
2, 3, 5531
What are the prime factors of 557?
557
List the prime factors of 140.
2, 5, 7
List the prime factors of 17486.
2, 7, 1249
What are the prime factors of 449?
449
What are the prime factors of 2577?
3, 859
What are the prime factors of 5621?
7, 11, 73
List the prime factors of 3055.
5, 13, 47
What are the prime factors of 77621?
77621
List the prime factors of 8488.
2, 1061
List the prime factors of 205.
5, 41
List the prime factors of 2118.
2, 3, 353
List the prime factors of 82.
2, 41
List the prime factors of 6837.
3, 43, 53
What are the prime factors of 735?
3, 5, 7
List the prime factors of 33596.
2, 37, 227
List the prime factors of 7674.
2, 3, 1279
List the prime factors of 540.
2, 3, 5
List the prime factors of 10581.
3, 3527
List the prime factors of 268.
2, 67
List the prime factors of 808.
2, 101
What are the prime factors of 75476?
2, 18869
What are the prime factors of 650?
2, 5, 13
List the prime factors of 15446.
2, 7723
What are the prime factors of 3074?
2, 29, 53
What are the prime factors of 41784?
2, 3, 1741
What are the prime factors of 9868?
2, 2467
What are the prime factors of 34536?
2, 3, 1439
List the prime factors of 5220.
2, 3, 5, 29
List the prime factors of 3612.
2, 3, 7, 43
List the prime factors of 1402.
2, 701
What are the prime factors of 44425?
5, 1777
What are the prime factors of 128?
2
What are the prime factors of 4472?
2, 13, 43
What are the prime factors of 14298?
2, 3, 2383
What are the prime factors of 78552?
2, 3, 1091
List the prime factors of 844.
2, 211
What are the prime factors of 2304?
2, 3
List the prime factors of 40244.
2, 10061
What are the prime factors of 8612?
2, 2153
List the prime factors of 254.
2, 127
List the prime factors of 153792.
2, 3, 89
List the prime factors of 17222.
2, 79, 109
List the prime factors of 1115.
5, 223
What are the prime factors of 23200?
2, 5, 29
List the prime factors of 43875.
3, 5, 13
What are the prime factors of 7963?
7963
List the prime factors of 10251.
3, 17, 67
List the prime factors of 4138.
2, 2069
List the prime factors of 1603.
7, 229
What are the prime factors of 11991?
3, 7, 571
What are the prime factors of 15750?
2, 3, 5, 7
What are the prime factors of 3724?
2, 7, 19
What are the prime factors of 1396?
2, 349
List the prime factors of 1796.
2, 449
What are the prime factors of 1465?
5, 293
What are the prime factors of 67704?
2, 3, 7, 13, 31
List the prime factors of 364.
2, 7, 13
List the prime factors of 2293.
2293
List the prime factors of 386.
2, 193
List the prime factors of 1206.
2, 3, 67
List the prime factors of 88922.
2, 173, 257
List the prime factors of 6473.
6473
What are the prime factors of 3575?
5, 11, 13
What are the prime factors of 106768?
2, 6673
What are the prime factors of 837?
3, 31
List the prime factors of 1480.
2, 5, 37
What are the prime factors of 23405?
5, 31, 151
List the prime factors of 74877.
3, 11, 2269
What are the prime factors of 79084?
2, 17, 1163
List the prime factors of 1566.
2, 3, 29
List the prime factors of 46178.
2, 11, 2099
List the prime factors of 11856.
2, 3, 13, 19
What are the prime factors of 8208?
2, 3, 19
What are the prime factors of 588?
2, 3, 7
What are the prime factors of 163?
163
List the prime factors of 7430.
2, 5, 743
What are the prime factors of 4500?
2, 3, 5
List the prime factors of 89672.
2, 11, 1019
What are the prime factors of 21931?
7, 13, 241
What are the prime factors of 55715?
5, 11, 1013
What are the prime factors of 50790?
2, 3, 5, 1693
List the prime factors of 24179.
24179
What are the prime factors of 40982?
2, 31,